site?
True
Is 2324129 composite?
False
Is 2382677 prime?
False
Is 128442253 composite?
False
Is 15325294 composite?
True
Is 1972487 a composite number?
True
Is 3673589 composite?
True
Is 16189931 a composite number?
False
Is 45957889 prime?
True
Is 454582229 a prime number?
True
Is 1096112365 composite?
True
Is 677627 a prime number?
True
Is 302460047 prime?
True
Is 2189911 a prime number?
False
Is 128068387 a composite number?
False
Is 10536929 prime?
False
Is 750961 composite?
False
Is 36229 prime?
True
Is 20251837 composite?
False
Is 5359483 a composite number?
True
Is 21415957 prime?
False
Is 110357437 prime?
True
Is 205985833 a prime number?
False
Is 2196479 prime?
False
Is 344701311 a prime number?
False
Is 12093826 composite?
True
Is 3315579 prime?
False
Is 185464447 composite?
True
Is 76340477 prime?
True
Is 10238167 a composite number?
False
Is 371658011 composite?
False
Is 4270235 composite?
True
Is 15690581 a composite number?
True
Is 7223061 a composite number?
True
Is 872155 a composite number?
True
Is 24683627 prime?
True
Is 815263 a prime number?
False
Is 10233539 a composite number?
False
Is 3663587 a composite number?
False
Is 11020013 a composite number?
True
Is 105322277 prime?
True
Is 5073821 composite?
False
Is 1865981 prime?
False
Is 859484317 composite?
True
Is 38751049 a composite number?
False
Is 70772111 a prime number?
True
Is 7768729 composite?
False
Is 4832959 a composite number?
True
Is 10894451 a prime number?
True
Is 5422647 prime?
False
Is 7585079 a prime number?
True
Is 60360043 composite?
False
Is 27708041 a prime number?
True
Is 11630121 prime?
False
Is 556803719 prime?
False
Is 28643 composite?
False
Is 105826459 a composite number?
False
Is 5324471 composite?
False
Is 12072713 a composite number?
False
Is 73685995 a composite number?
True
Is 2309581 a composite number?
True
Is 78290657 a prime number?
False
Is 35803349 prime?
True
Is 44054557 a composite number?
True
Is 2070227 composite?
True
Is 562009 a composite number?
True
Is 5554267 a prime number?
False
Is 1338907 composite?
False
Is 1821997 a composite number?
False
Is 165264167 a prime number?
True
Is 193423 composite?
False
Is 27288257 a composite number?
True
Is 58043317 a prime number?
True
Is 131352869 composite?
True
Is 241807 prime?
True
Is 74624061 a prime number?
False
Is 880807229 a composite number?
False
Is 2052683 prime?
False
Is 12135443 composite?
False
Is 17148073 composite?
False
Is 7852751 a prime number?
True
Is 5088459 prime?
False
Is 6823807 a prime number?
False
Is 818633 a composite number?
True
Is 798449 prime?
False
Is 51872741 a composite number?
True
Is 111703 a prime number?
False
Is 1272881 a composite number?
False
Is 85366669 composite?
True
Is 1839091 composite?
False
Is 1826845 a prime number?
False
Is 13359131 a composite number?
True
Is 107591257 composite?
True
Is 2566601 a prime number?
True
Is 77142001 prime?
False
Is 4918927 composite?
True
Is 35415139 prime?
True
Is 578093 prime?
True
Is 696658387 composite?
True
Is 57493763 prime?
True
Is 86489569 a composite number?
True
Is 3817369 prime?
True
Is 400308793 a prime number?
False
Is 8115609 a prime number?
False
Is 3259177 composite?
False
Is 269748641 prime?
False
Is 14199729 a composite number?
True
Is 111480479 composite?
True
Is 56735303 prime?
False
Is 20894203 a prime number?
False
Is 27717109 a prime number?
False
Is 4001939 composite?
False
Is 570613 a composite number?
False
Is 84574897 composite?
True
Is 1948006 composite?
True
Is 178906421 composite?
False
Is 5848261 a prime number?
False
Is 29950079 composite?
False
Is 6077809 prime?
True
Is 956801 composite?
False
Is 72029177 composite?
True
Is 52245002 a prime number?
False
Is 11779109 a composite number?
False
Is 6205559 prime?
True
Is 12845639 a composite number?
False
Is 13733033 a prime number?
False
Is 27220517 a prime number?
True
Is 211102147 composite?
True
Is 148071977 a composite number?
False
Is 16587451 composite?
False
Is 17753977 prime?
False
Is 328447061 a composite number?
True
Is 3987097 a prime number?
False
Is 33652511 a composite number?
False
Is 1886423073 a composite number?
True
Is 1609961 composite?
True
Is 14359937 prime?
False
Is 208041511 prime?
True
Is 81038939 a prime number?
True
Is 1105789 a prime number?
False
Is 11683559 a prime number?
False
Is 466979 prime?
False
Is 54216119 a composite number?
False
Is 104630011 a prime number?
True
Is 5320283 a composite number?
True
Is 1366949 a composite number?
True
Is 14409091 prime?
True
Is 16603802 prime?
False
Is 11986771 a prime number?
True
Is 56389789 prime?
True
Is 5245259 prime?
False
Is 3609511 prime?
False
Is 5429453 a composite number?
False
Is 427117 composite?
False
Is 52352683 a composite number?
False
Is 101292935 composite?
True
Is 22662449 composite?
False
Is 5020801 composite?
True
Is 93212101 a composite number?
True
Is 1402111861 composite?
False
Is 159859507 prime?
True
Is 11447531 prime?
True
Is 9964099 a prime number?
True
Is 38877841 composite?
False
Is 6348611 composite?
True
Is 20025227 composite?
False
Is 1291783 a composite number?
False
Is 44594609 composite?
True
Is 160218889 a composite number?
False
Is 2207189 prime?
False
Is 6230291 prime?
True
Is 16027153 a prime number?
True
Is 2632271 prime?
True
Is 4578113 prime?
True
Is 2244791 composite?
True
Is 6765833 prime?
False
Is 57245527 prime?
False
Is 243013 a prime number?
False
Is 340553081 a composite number?
True
Is 223150859 composite?
False
Is 42878021 composite?
False
Is 252263083 prime?
False
Is 6611303 a prime number?
True
Is 9233359 prime?
False
Is 30722329 a prime number?
False
Is 36158861 composite?
False
Is 362521 a prime number?
True
Is 294731 a composite number?
False
Is 312296743 a prime number?
False
Is 1672634 a composite number?
True
Is 7122461 a prime number?
False
Is 16604371 prime?
False
Is 148784305 prime?
False
Is 221189 a composite number?
True
Is 8984951 a composite number?
False
Is 9964973 a composite number?
True
Is 12093049 a prime number?
False
Is 66729827 composite?
True
Is 27811369 a prime number?
False
Is 453527 a prime number?
True
Is 5632883 a prime number?
True
Is 6786601 prime?
False
Is 19922563 prime?
False
Is 446951 composite?
False
Is 284881 a prime number?
True
Is 3218071 prime?
False
Is 59512151 a prime number?
True
Is 113509883 composite?
False
Is 18610979 a composite number?
True
Is 775907239 a prime number?
False
Is 173317 composite?
True
Is 557283989 a composite number?
True
Is 9597491 a prime number?
True
Is 19385677 a composite number?
True
Is 315937 prime?
True
Is 244859 prime?
True
Is 5459009 a composite number?
False
Is 45483301 prime?
False
Is 412537 prime?
True
Is 35468539 a prime number?
True
Is 1836239 a prime number?
True
Is 5515634 a composite number?
True
Is 1174463 a composite number?
False
Is 1110827 composite?
True
Is 67806281 a prime number?
False
Is 5410001 composite?
True
Is 622691 composite?
True
Is 27382337 a composite number?
False
Is 101349377 a composite number?
False
Is 4944581 a composite number?
False
Is 4097569 a prime number?
False
Is 23501 a composite number?
True
Is 3946979 a composite number?
True
Is 153650711 prime?
False
Is 95364623 a prime number?
True
Is 5023111 composite?
False
Is 541319 composite?
True
Is 10922297 a prime number?
False
Is 1212173 prime?
True
Is 888389 a composite number?
False
Is 343541243 a prime number?
False
Is 1876369 a composite number?
True
Is 20006117 a prime number?
False
Is 1208237 a composite number?
False
Is 4883603 a composite number?
True
Is 18731699 composite?
True
Is 10048657 a composite number?
True
Is 230244569 a prime number?
True
Is 4945421 a prime number?
False
Is 64367 a prime number?
False
Is 24913003 a prime number?
True
Is 4311403 a composite number?
False
Is 7541767 composite?
False
Is 41513509 prime?
True
Is 6153101 a composite number?
False
Is 44699593 a composite number?
True
Is 7968229 a composite number?
False
Is 723901 composite?
False
Is 100567151 a composite number?
False
Is 9263211 a prime number?
False
Is 216360841 prime?
True
Is 44965961 composite?
True
Is 72203 composite?
True
Is 229911299 a prime number?
True
Is 118555187 a composite number?
False
Is 109479 prime?
False
Is 11988949 a composite number?